{"id":28205,"date":"2024-04-04T17:17:54","date_gmt":"2024-04-04T20:17:54","guid":{"rendered":"https:\/\/www.mimosura.com.br\/website\/?post_type=product&#038;p=28205"},"modified":"2024-04-04T17:17:55","modified_gmt":"2024-04-04T20:17:55","slug":"blusao-em-moletom-detalhe-no-braco","status":"publish","type":"product","link":"https:\/\/www.mimosura.com.br\/website\/produto\/blusao-em-moletom-detalhe-no-braco\/","title":{"rendered":"Blus\u00e3o em Moletom Detalhe no Bra\u00e7o"},"content":{"rendered":"<p>Blus\u00e3o em moletom com capuz e etiqueta lateral detalhe no bra\u00e7o<\/p>\n<p>Marca Abrange<\/p>\n<p>Tamanhos 4, 6, 8 e 10<\/p>\n","protected":false},"excerpt":{"rendered":"<p>Blus\u00e3o em moletom com capuz e etiqueta lateral detalhe no bra\u00e7o Marca Abrange Tamanhos 4, 6, 8 e 10<\/p>\n","protected":false},"featured_media":28164,"comment_status":"open","ping_status":"closed","template":"","meta":[],"product_cat":[546,803,805],"product_tag":[],"_links":{"self":[{"href":"https:\/\/www.mimosura.com.br\/website\/wp-json\/wp\/v2\/product\/28205"}],"collection":[{"href":"https:\/\/www.mimosura.com.br\/website\/wp-json\/wp\/v2\/product"}],"about":[{"href":"https:\/\/www.mimosura.com.br\/website\/wp-json\/wp\/v2\/types\/product"}],"replies":[{"embeddable":true,"href":"https:\/\/www.mimosura.com.br\/website\/wp-json\/wp\/v2\/comments?post=28205"}],"version-history":[{"count":1,"href":"https:\/\/www.mimosura.com.br\/website\/wp-json\/wp\/v2\/product\/28205\/revisions"}],"predecessor-version":[{"id":28206,"href":"https:\/\/www.mimosura.com.br\/website\/wp-json\/wp\/v2\/product\/28205\/revisions\/28206"}],"wp:featuredmedia":[{"embeddable":true,"href":"https:\/\/www.mimosura.com.br\/website\/wp-json\/wp\/v2\/media\/28164"}],"wp:attachment":[{"href":"https:\/\/www.mimosura.com.br\/website\/wp-json\/wp\/v2\/media?parent=28205"}],"wp:term":[{"taxonomy":"product_cat","embeddable":true,"href":"https:\/\/www.mimosura.com.br\/website\/wp-json\/wp\/v2\/product_cat?post=28205"},{"taxonomy":"product_tag","embeddable":true,"href":"https:\/\/www.mimosura.com.br\/website\/wp-json\/wp\/v2\/product_tag?post=28205"}],"curies":[{"name":"wp","href":"https:\/\/api.w.org\/{rel}","templated":true}]}}