{"id":28207,"date":"2024-04-04T17:19:01","date_gmt":"2024-04-04T20:19:01","guid":{"rendered":"https:\/\/www.mimosura.com.br\/website\/?post_type=product&#038;p=28207"},"modified":"2024-04-04T17:19:01","modified_gmt":"2024-04-04T20:19:01","slug":"calca-em-moletom-com-cordao","status":"publish","type":"product","link":"https:\/\/www.mimosura.com.br\/website\/produto\/calca-em-moletom-com-cordao\/","title":{"rendered":"Cal\u00e7a em Moletom com Cord\u00e3o"},"content":{"rendered":"<p>Cal\u00e7a em moletom com cord\u00e3o e tira el\u00e1stica na cintura<\/p>\n<p>Marca Abrange<\/p>\n<p>Tamanhos 4, 6, 8 e 10<\/p>\n","protected":false},"excerpt":{"rendered":"<p>Cal\u00e7a em moletom com cord\u00e3o e tira el\u00e1stica na cintura Marca Abrange Tamanhos 4, 6, 8 e 10<\/p>\n","protected":false},"featured_media":28165,"comment_status":"open","ping_status":"closed","template":"","meta":[],"product_cat":[546,803,806],"product_tag":[],"_links":{"self":[{"href":"https:\/\/www.mimosura.com.br\/website\/wp-json\/wp\/v2\/product\/28207"}],"collection":[{"href":"https:\/\/www.mimosura.com.br\/website\/wp-json\/wp\/v2\/product"}],"about":[{"href":"https:\/\/www.mimosura.com.br\/website\/wp-json\/wp\/v2\/types\/product"}],"replies":[{"embeddable":true,"href":"https:\/\/www.mimosura.com.br\/website\/wp-json\/wp\/v2\/comments?post=28207"}],"version-history":[{"count":1,"href":"https:\/\/www.mimosura.com.br\/website\/wp-json\/wp\/v2\/product\/28207\/revisions"}],"predecessor-version":[{"id":28208,"href":"https:\/\/www.mimosura.com.br\/website\/wp-json\/wp\/v2\/product\/28207\/revisions\/28208"}],"wp:featuredmedia":[{"embeddable":true,"href":"https:\/\/www.mimosura.com.br\/website\/wp-json\/wp\/v2\/media\/28165"}],"wp:attachment":[{"href":"https:\/\/www.mimosura.com.br\/website\/wp-json\/wp\/v2\/media?parent=28207"}],"wp:term":[{"taxonomy":"product_cat","embeddable":true,"href":"https:\/\/www.mimosura.com.br\/website\/wp-json\/wp\/v2\/product_cat?post=28207"},{"taxonomy":"product_tag","embeddable":true,"href":"https:\/\/www.mimosura.com.br\/website\/wp-json\/wp\/v2\/product_tag?post=28207"}],"curies":[{"name":"wp","href":"https:\/\/api.w.org\/{rel}","templated":true}]}}