{"id":32847,"date":"2025-04-15T15:54:13","date_gmt":"2025-04-15T18:54:13","guid":{"rendered":"https:\/\/www.mimosura.com.br\/website\/?post_type=product&#038;p=32847"},"modified":"2025-06-09T16:29:38","modified_gmt":"2025-06-09T19:29:38","slug":"blusao-preto-em-trico","status":"publish","type":"product","link":"https:\/\/www.mimosura.com.br\/website\/produto\/blusao-preto-em-trico\/","title":{"rendered":"Blus\u00e3o Preto em Tric\u00f4"},"content":{"rendered":"<p>Blus\u00e3o Preto em Tric\u00f4<\/p>\n<p>Marca Lunelli<\/p>\n<p>Tamanhos 4, 6, 8 e 10<\/p>\n","protected":false},"excerpt":{"rendered":"<p>Blus\u00e3o Preto em Tric\u00f4 Marca Lunelli Tamanhos 4, 6, 8 e 10<\/p>\n","protected":false},"featured_media":32718,"comment_status":"open","ping_status":"closed","template":"","meta":[],"product_cat":[546,803,805],"product_tag":[],"_links":{"self":[{"href":"https:\/\/www.mimosura.com.br\/website\/wp-json\/wp\/v2\/product\/32847"}],"collection":[{"href":"https:\/\/www.mimosura.com.br\/website\/wp-json\/wp\/v2\/product"}],"about":[{"href":"https:\/\/www.mimosura.com.br\/website\/wp-json\/wp\/v2\/types\/product"}],"replies":[{"embeddable":true,"href":"https:\/\/www.mimosura.com.br\/website\/wp-json\/wp\/v2\/comments?post=32847"}],"version-history":[{"count":1,"href":"https:\/\/www.mimosura.com.br\/website\/wp-json\/wp\/v2\/product\/32847\/revisions"}],"predecessor-version":[{"id":32848,"href":"https:\/\/www.mimosura.com.br\/website\/wp-json\/wp\/v2\/product\/32847\/revisions\/32848"}],"wp:featuredmedia":[{"embeddable":true,"href":"https:\/\/www.mimosura.com.br\/website\/wp-json\/wp\/v2\/media\/32718"}],"wp:attachment":[{"href":"https:\/\/www.mimosura.com.br\/website\/wp-json\/wp\/v2\/media?parent=32847"}],"wp:term":[{"taxonomy":"product_cat","embeddable":true,"href":"https:\/\/www.mimosura.com.br\/website\/wp-json\/wp\/v2\/product_cat?post=32847"},{"taxonomy":"product_tag","embeddable":true,"href":"https:\/\/www.mimosura.com.br\/website\/wp-json\/wp\/v2\/product_tag?post=32847"}],"curies":[{"name":"wp","href":"https:\/\/api.w.org\/{rel}","templated":true}]}}