{"id":36895,"date":"2025-12-10T12:02:41","date_gmt":"2025-12-10T15:02:41","guid":{"rendered":"https:\/\/www.mimosura.com.br\/website\/?post_type=product&#038;p=36895"},"modified":"2025-12-10T12:02:41","modified_gmt":"2025-12-10T15:02:41","slug":"camiseta-com-fator-de-protecao-solar","status":"publish","type":"product","link":"https:\/\/www.mimosura.com.br\/website\/produto\/camiseta-com-fator-de-protecao-solar\/","title":{"rendered":"Camiseta com Fator de Prote\u00e7\u00e3o Solar"},"content":{"rendered":"<p>Camiseta com Fator de Prote\u00e7\u00e3o Solar<\/p>\n<p>Marca Kiko e Kika<\/p>\n<p>Tamanhos 4, 6, 8 e 10<\/p>\n","protected":false},"excerpt":{"rendered":"<p>Camiseta com Fator de Prote\u00e7\u00e3o Solar Marca Kiko e Kika Tamanhos 4, 6, 8 e 10<\/p>\n","protected":false},"featured_media":36850,"comment_status":"open","ping_status":"closed","template":"","meta":[],"product_cat":[546,803,828],"product_tag":[],"_links":{"self":[{"href":"https:\/\/www.mimosura.com.br\/website\/wp-json\/wp\/v2\/product\/36895"}],"collection":[{"href":"https:\/\/www.mimosura.com.br\/website\/wp-json\/wp\/v2\/product"}],"about":[{"href":"https:\/\/www.mimosura.com.br\/website\/wp-json\/wp\/v2\/types\/product"}],"replies":[{"embeddable":true,"href":"https:\/\/www.mimosura.com.br\/website\/wp-json\/wp\/v2\/comments?post=36895"}],"version-history":[{"count":1,"href":"https:\/\/www.mimosura.com.br\/website\/wp-json\/wp\/v2\/product\/36895\/revisions"}],"predecessor-version":[{"id":36896,"href":"https:\/\/www.mimosura.com.br\/website\/wp-json\/wp\/v2\/product\/36895\/revisions\/36896"}],"wp:featuredmedia":[{"embeddable":true,"href":"https:\/\/www.mimosura.com.br\/website\/wp-json\/wp\/v2\/media\/36850"}],"wp:attachment":[{"href":"https:\/\/www.mimosura.com.br\/website\/wp-json\/wp\/v2\/media?parent=36895"}],"wp:term":[{"taxonomy":"product_cat","embeddable":true,"href":"https:\/\/www.mimosura.com.br\/website\/wp-json\/wp\/v2\/product_cat?post=36895"},{"taxonomy":"product_tag","embeddable":true,"href":"https:\/\/www.mimosura.com.br\/website\/wp-json\/wp\/v2\/product_tag?post=36895"}],"curies":[{"name":"wp","href":"https:\/\/api.w.org\/{rel}","templated":true}]}}