{"id":36901,"date":"2025-12-10T12:04:16","date_gmt":"2025-12-10T15:04:16","guid":{"rendered":"https:\/\/www.mimosura.com.br\/website\/?post_type=product&#038;p=36901"},"modified":"2025-12-10T12:04:16","modified_gmt":"2025-12-10T15:04:16","slug":"conjunto-com-fator-de-protecao-solar-2","status":"publish","type":"product","link":"https:\/\/www.mimosura.com.br\/website\/produto\/conjunto-com-fator-de-protecao-solar-2\/","title":{"rendered":"Conjunto com Fator de Prote\u00e7\u00e3o Solar"},"content":{"rendered":"<p>Conjunto com Fator de Prote\u00e7\u00e3o Solar<\/p>\n<p>Marca Kiko e Kika<\/p>\n<p>Tamanhos 4, 6, 8 e 10<\/p>\n","protected":false},"excerpt":{"rendered":"<p>Conjunto com Fator de Prote\u00e7\u00e3o Solar Marca Kiko e Kika Tamanhos 4, 6, 8 e 10<\/p>\n","protected":false},"featured_media":36846,"comment_status":"open","ping_status":"closed","template":"","meta":[],"product_cat":[546,803,828],"product_tag":[],"_links":{"self":[{"href":"https:\/\/www.mimosura.com.br\/website\/wp-json\/wp\/v2\/product\/36901"}],"collection":[{"href":"https:\/\/www.mimosura.com.br\/website\/wp-json\/wp\/v2\/product"}],"about":[{"href":"https:\/\/www.mimosura.com.br\/website\/wp-json\/wp\/v2\/types\/product"}],"replies":[{"embeddable":true,"href":"https:\/\/www.mimosura.com.br\/website\/wp-json\/wp\/v2\/comments?post=36901"}],"version-history":[{"count":1,"href":"https:\/\/www.mimosura.com.br\/website\/wp-json\/wp\/v2\/product\/36901\/revisions"}],"predecessor-version":[{"id":36902,"href":"https:\/\/www.mimosura.com.br\/website\/wp-json\/wp\/v2\/product\/36901\/revisions\/36902"}],"wp:featuredmedia":[{"embeddable":true,"href":"https:\/\/www.mimosura.com.br\/website\/wp-json\/wp\/v2\/media\/36846"}],"wp:attachment":[{"href":"https:\/\/www.mimosura.com.br\/website\/wp-json\/wp\/v2\/media?parent=36901"}],"wp:term":[{"taxonomy":"product_cat","embeddable":true,"href":"https:\/\/www.mimosura.com.br\/website\/wp-json\/wp\/v2\/product_cat?post=36901"},{"taxonomy":"product_tag","embeddable":true,"href":"https:\/\/www.mimosura.com.br\/website\/wp-json\/wp\/v2\/product_tag?post=36901"}],"curies":[{"name":"wp","href":"https:\/\/api.w.org\/{rel}","templated":true}]}}