{"id":37270,"date":"2026-03-17T11:12:49","date_gmt":"2026-03-17T14:12:49","guid":{"rendered":"https:\/\/www.mimosura.com.br\/website\/?post_type=product&#038;p=37270"},"modified":"2026-03-17T11:12:50","modified_gmt":"2026-03-17T14:12:50","slug":"conjunto-blusao-e-calca-em-moletom-tigre","status":"publish","type":"product","link":"https:\/\/www.mimosura.com.br\/website\/produto\/conjunto-blusao-e-calca-em-moletom-tigre\/","title":{"rendered":"Conjunto Blus\u00e3o e Cal\u00e7a em Moletom Tigre"},"content":{"rendered":"<p>Conjunto Blus\u00e3o e Cal\u00e7a em Moletom Tigre<\/p>\n<p>Marca Pulla Bulla<\/p>\n<p>Tamanhos 1, 2 e 3<\/p>\n","protected":false},"excerpt":{"rendered":"<p>Conjunto Blus\u00e3o e Cal\u00e7a em Moletom Tigre Marca Pulla Bulla Tamanhos 1, 2 e 3<\/p>\n","protected":false},"featured_media":37283,"comment_status":"open","ping_status":"closed","template":"","meta":[],"product_cat":[546,785,798,857],"product_tag":[],"_links":{"self":[{"href":"https:\/\/www.mimosura.com.br\/website\/wp-json\/wp\/v2\/product\/37270"}],"collection":[{"href":"https:\/\/www.mimosura.com.br\/website\/wp-json\/wp\/v2\/product"}],"about":[{"href":"https:\/\/www.mimosura.com.br\/website\/wp-json\/wp\/v2\/types\/product"}],"replies":[{"embeddable":true,"href":"https:\/\/www.mimosura.com.br\/website\/wp-json\/wp\/v2\/comments?post=37270"}],"version-history":[{"count":1,"href":"https:\/\/www.mimosura.com.br\/website\/wp-json\/wp\/v2\/product\/37270\/revisions"}],"predecessor-version":[{"id":37298,"href":"https:\/\/www.mimosura.com.br\/website\/wp-json\/wp\/v2\/product\/37270\/revisions\/37298"}],"wp:featuredmedia":[{"embeddable":true,"href":"https:\/\/www.mimosura.com.br\/website\/wp-json\/wp\/v2\/media\/37283"}],"wp:attachment":[{"href":"https:\/\/www.mimosura.com.br\/website\/wp-json\/wp\/v2\/media?parent=37270"}],"wp:term":[{"taxonomy":"product_cat","embeddable":true,"href":"https:\/\/www.mimosura.com.br\/website\/wp-json\/wp\/v2\/product_cat?post=37270"},{"taxonomy":"product_tag","embeddable":true,"href":"https:\/\/www.mimosura.com.br\/website\/wp-json\/wp\/v2\/product_tag?post=37270"}],"curies":[{"name":"wp","href":"https:\/\/api.w.org\/{rel}","templated":true}]}}